{"id":99,"date":"2016-02-27T18:09:30","date_gmt":"2016-02-27T17:09:30","guid":{"rendered":"http:\/\/localhost\/?page_id=99"},"modified":"2016-04-05T21:02:43","modified_gmt":"2016-04-05T19:02:43","slug":"stadt-lehrte","status":"publish","type":"page","link":"https:\/\/www.imkerverein-lehrte.de\/?page_id=99","title":{"rendered":"Stadt Lehrte"},"content":{"rendered":"<div id=\"attachment_100\" style=\"width: 310px\" class=\"wp-caption alignright\"><img loading=\"lazy\" decoding=\"async\" aria-describedby=\"caption-attachment-100\" class=\"size-medium wp-image-100\" src=\"http:\/\/www.imkerverein-lehrte.de\/wp-content\/uploads\/2016\/02\/rathaus-300x225.jpg\" alt=\"Das Rathaus\" width=\"300\" height=\"225\" srcset=\"https:\/\/www.imkerverein-lehrte.de\/wp-content\/uploads\/2016\/02\/rathaus-300x225.jpg 300w, https:\/\/www.imkerverein-lehrte.de\/wp-content\/uploads\/2016\/02\/rathaus-200x150.jpg 200w, https:\/\/www.imkerverein-lehrte.de\/wp-content\/uploads\/2016\/02\/rathaus-150x112.jpg 150w, https:\/\/www.imkerverein-lehrte.de\/wp-content\/uploads\/2016\/02\/rathaus.jpg 315w\" sizes=\"auto, (max-width: 300px) 100vw, 300px\" \/><p id=\"caption-attachment-100\" class=\"wp-caption-text\">Das Rathaus<\/p><\/div>\n<p align=\"justify\"><span style=\"font-family: Monotype Corsiva;\">Die <a href=\"http:\/\/www.lehrte.de\" target=\"_blank\">Stadt Lehrte<\/a> liegt rd. 20 km \u00f6stlich der Landeshauptstadt Hannover in\u00a0\u00a0 Niedersachsen (s. Rathaus). Sie besteht aus der sog. Kernstadt und den umliegenden D\u00f6rfern Ahlten, Aligse, Arpke, H\u00e4melerwald, Immensen, Kohlshorn, R\u00f6ddensen, Sievershausen und Steinwedel, die 1975 im Rahmen der Gemeindegebietsreform eingemeindet wurden und seitdem als Ortsteile der Stadt Lehrte gelten. Lehrte hat &#8211; einschlie\u00dflich der Ortsteile &#8211; rd. 43.500 Einwohner und ist 126, 93 km\u00b2 gro\u00df. Die Kernstadt ist auch heute noch ein wichtiger Eisenbahnknotenpunkt mit alter Tradition. Die Mitglieder des Imkervereins Lehrte kommen zum gr\u00f6\u00dften Teil aus der Kernstadt\u00a0und den zuvor genannten Ortsteilen.<\/span><\/p>\n<p>&nbsp;<\/p>\n<p>&nbsp;<\/p>\n","protected":false},"excerpt":{"rendered":"<p> <a class=\"continue-reading-link\" href=\"https:\/\/www.imkerverein-lehrte.de\/?page_id=99\"><\/a><\/p>\n","protected":false},"author":1,"featured_media":0,"parent":8,"menu_order":29,"comment_status":"closed","ping_status":"closed","template":"","meta":{"footnotes":""},"class_list":["post-99","page","type-page","status-publish","hentry"],"_links":{"self":[{"href":"https:\/\/www.imkerverein-lehrte.de\/index.php?rest_route=\/wp\/v2\/pages\/99","targetHints":{"allow":["GET"]}}],"collection":[{"href":"https:\/\/www.imkerverein-lehrte.de\/index.php?rest_route=\/wp\/v2\/pages"}],"about":[{"href":"https:\/\/www.imkerverein-lehrte.de\/index.php?rest_route=\/wp\/v2\/types\/page"}],"author":[{"embeddable":true,"href":"https:\/\/www.imkerverein-lehrte.de\/index.php?rest_route=\/wp\/v2\/users\/1"}],"replies":[{"embeddable":true,"href":"https:\/\/www.imkerverein-lehrte.de\/index.php?rest_route=%2Fwp%2Fv2%2Fcomments&post=99"}],"version-history":[{"count":6,"href":"https:\/\/www.imkerverein-lehrte.de\/index.php?rest_route=\/wp\/v2\/pages\/99\/revisions"}],"predecessor-version":[{"id":189,"href":"https:\/\/www.imkerverein-lehrte.de\/index.php?rest_route=\/wp\/v2\/pages\/99\/revisions\/189"}],"up":[{"embeddable":true,"href":"https:\/\/www.imkerverein-lehrte.de\/index.php?rest_route=\/wp\/v2\/pages\/8"}],"wp:attachment":[{"href":"https:\/\/www.imkerverein-lehrte.de\/index.php?rest_route=%2Fwp%2Fv2%2Fmedia&parent=99"}],"curies":[{"name":"wp","href":"https:\/\/api.w.org\/{rel}","templated":true}]}}

<div id="attachment_100" style="width: 310px" class="wp-caption alignright"><img loading="lazy" decoding="async" aria-describedby="caption-attachment-100" class="size-medium wp-image-100" src="http://www.imkerverein-lehrte.de/wp-content/uploads/2016/02/rathaus-300x225.jpg" alt="Das Rathaus" width="300" height="225" srcset="https://www.imkerverein-lehrte.de/wp-content/uploads/2016/02/rathaus-300x225.jpg 300w, https://www.imkerverein-lehrte.de/wp-content/uploads/2016/02/rathaus-200x150.jpg 200w, https://www.imkerverein-lehrte.de/wp-content/uploads/2016/02/rathaus-150x112.jpg 150w, https://www.imkerverein-lehrte.de/wp-content/uploads/2016/02/rathaus.jpg 315w" sizes="auto, (max-width: 300px) 100vw, 300px" /><p id="caption-attachment-100" class="wp-caption-text">Das Rathaus</p></div>
<p align="justify"><span style="font-family: Monotype Corsiva;">Die <a href="http://www.lehrte.de" target="_blank">Stadt Lehrte</a> liegt rd. 20 km östlich der Landeshauptstadt Hannover in   Niedersachsen (s. Rathaus). Sie besteht aus der sog. Kernstadt und den umliegenden Dörfern Ahlten, Aligse, Arpke, Hämelerwald, Immensen, Kohlshorn, Röddensen, Sievershausen und Steinwedel, die 1975 im Rahmen der Gemeindegebietsreform eingemeindet wurden und seitdem als Ortsteile der Stadt Lehrte gelten. Lehrte hat &#8211; einschließlich der Ortsteile &#8211; rd. 43.500 Einwohner und ist 126, 93 km² groß. Die Kernstadt ist auch heute noch ein wichtiger Eisenbahnknotenpunkt mit alter Tradition. Die Mitglieder des Imkervereins Lehrte kommen zum größten Teil aus der Kernstadt und den zuvor genannten Ortsteilen.</span></p>
<p>&nbsp;</p>
<p>&nbsp;</p>
