{"id":89,"date":"2016-02-27T17:46:51","date_gmt":"2016-02-27T16:46:51","guid":{"rendered":"http:\/\/localhost\/?page_id=89"},"modified":"2016-02-27T21:26:15","modified_gmt":"2016-02-27T20:26:15","slug":"geschichte","status":"publish","type":"page","link":"https:\/\/www.imkerverein-lehrte.de\/?page_id=89","title":{"rendered":"Geschichte"},"content":{"rendered":"<h4><strong><em>Gr\u00fcndung des Vereins<\/em><\/strong><\/h4>\n<p>Der Imkerverein Lehrte wurde 1938 gegr\u00fcndet. Die Anfangsjahre fielen somit in die Kriegszeit. Die Imkerschaft wurde durch Abgaben belastet (je Kasten 3 kg bzw. je Korb \u00bd kg Honig, je neu aufgestelltes Volk 1 kg Reinwachs). Nur wer sein Abgabesoll erf\u00fcllte, hatte Anspruch auf die Zuteilung von Zucker f\u00fcr das Winterfutter und Tabak f\u00fcr die Imkerpfeife. Mittelw\u00e4nde hatten die Imker aus der eigenen Wachserzeugung herzustellen. Aber auch Erfreuliches gab es, so die gezielte Schulung der Imkerschaft (z.B. Kurse im Bieneninstitut in Celle) und die Bereitstellung eines Bienenzuchtberaters.<\/p>\n<h4><strong><em>Neubeginn nach Kriegsende<\/em><\/strong><\/h4>\n<p>Im Januar 1946 fand die erste Versammlung nach dem Krieg statt. Nach H. Ahlvers und sp\u00e4ter K. Hornbostel wurde 1974 Gerhardt\u00a0 Fuhrich, H\u00e4melerwald, 1. Vorsitzender. Er ist heute Ehrenvorsitzender. Nach Kriegsende herrschte Not, die Imkerei bot dabei Honig und Kerzenwachs als g\u00fcnstiges Tauschmittel. Demzufolge stiegen die V\u00f6lkerzahlen stark an. Aber auch R\u00fcckschl\u00e4ge kamen: 1948 gab es infolge Insektenvernichtungsmitteln in der Landwirtschaft ein Massensterben von Bienen. Auch Bienenkrankheiten wie die Tracheenmilbe (zeitweilig), Nosema\u00a0 und ab den 80er Jahren die Varroamilbe (auch heute aktuell) brachten gro\u00dfe Probleme. Nicht zuletzt auch der Preisverfall durch \u00dcberproduktion von landwirtschaftlichen Produkten, von denen auch Honig nicht ausgenommen war, bereitete den Imkern Probleme.<\/p>\n<h4><strong><em>Mitgliederstand und Bienenv\u00f6lker<\/em><\/strong><\/h4>\n<table>\n<tbody>\n<tr>\n<td>1938<\/td>\n<td>42 Mitglieder mit 573 V\u00f6lkern<\/td>\n<\/tr>\n<tr>\n<td>1950<\/td>\n<td>82 Mitglieder mit 650 V\u00f6lkern<\/td>\n<\/tr>\n<tr>\n<td>1968<\/td>\n<td>54 Mitglieder mit 659 V\u00f6lkern<\/td>\n<\/tr>\n<tr>\n<td>1988<\/td>\n<td>82 Mitglieder mit 579 V\u00f6lkern<\/td>\n<\/tr>\n<tr>\n<td>1998<\/td>\n<td>78 Mitglieder mit 432 V\u00f6lkern (davon 15 Mitgl. ohne Bienen)<\/td>\n<\/tr>\n<tr>\n<td>2003<\/td>\n<td>73 Mitglieder mit 520 V\u00f6lkern<\/td>\n<\/tr>\n<\/tbody>\n<\/table>\n<p>Interessant ist auch die R\u00fcckentwicklung der <strong>Korbimkerei<\/strong>:<\/p>\n<table>\n<tbody>\n<tr>\n<td>1938<\/td>\n<td>324 K\u00f6rbe<\/td>\n<\/tr>\n<tr>\n<td>1948<\/td>\n<td>133<\/td>\n<\/tr>\n<tr>\n<td>1958<\/td>\n<td>63<\/td>\n<\/tr>\n<tr>\n<td>1968<\/td>\n<td>40<\/td>\n<\/tr>\n<tr>\n<td>ab 1978<\/td>\n<td>keine<\/td>\n<\/tr>\n<\/tbody>\n<\/table>\n<p>Zum Jubil\u00e4um im Jahr 2003 w\u00fcnscht sich der Verein:<\/p>\n<ul>\n<li>bei Neupflanzungen im Interesse der Insekten mehr Achtung auf Vielfalt,<\/li>\n<li>keine Kahlschl\u00e4ge in Heckenzeilen, an B\u00f6schungen, Feldrainen und Bachl\u00e4ufen,<\/li>\n<li>die Ausweisung gr\u00f6\u00dferer Brachfl\u00e4chen und<\/li>\n<li>ein zuverl\u00e4ssiges\u00a0 und preisg\u00fcnstiges Varroa-Bek\u00e4mpfungsmittel.<\/li>\n<\/ul>\n<h4><strong><em>Der Verein heute<\/em><\/strong><\/h4>\n<p>Monatliche Fr\u00fchschoppen mit gro\u00dfer Beteiligung, regelm\u00e4\u00dfige Referate von Vereinsmitgliedern zu aktuellen Themen, Vortr\u00e4ge durch externe Fachleute, Besichtigungsfahrten in ganz Deutschland und aktive Beteiligung an Ausstellungen und Stadtfesten kennzeichnen einen lebendigen Verein in Lehrte. Hinzu kommen eine leicht steigende Mitgliederzahl und eine erfreuliche statistische Verj\u00fcngung des Vereins durch Jungimker als Neuzug\u00e4nge.<\/p>\n","protected":false},"excerpt":{"rendered":"<p> <a class=\"continue-reading-link\" href=\"https:\/\/www.imkerverein-lehrte.de\/?page_id=89\"><\/a><\/p>\n","protected":false},"author":1,"featured_media":0,"parent":8,"menu_order":23,"comment_status":"closed","ping_status":"closed","template":"","meta":{"footnotes":""},"class_list":["post-89","page","type-page","status-publish","hentry"],"_links":{"self":[{"href":"https:\/\/www.imkerverein-lehrte.de\/index.php?rest_route=\/wp\/v2\/pages\/89","targetHints":{"allow":["GET"]}}],"collection":[{"href":"https:\/\/www.imkerverein-lehrte.de\/index.php?rest_route=\/wp\/v2\/pages"}],"about":[{"href":"https:\/\/www.imkerverein-lehrte.de\/index.php?rest_route=\/wp\/v2\/types\/page"}],"author":[{"embeddable":true,"href":"https:\/\/www.imkerverein-lehrte.de\/index.php?rest_route=\/wp\/v2\/users\/1"}],"replies":[{"embeddable":true,"href":"https:\/\/www.imkerverein-lehrte.de\/index.php?rest_route=%2Fwp%2Fv2%2Fcomments&post=89"}],"version-history":[{"count":5,"href":"https:\/\/www.imkerverein-lehrte.de\/index.php?rest_route=\/wp\/v2\/pages\/89\/revisions"}],"predecessor-version":[{"id":94,"href":"https:\/\/www.imkerverein-lehrte.de\/index.php?rest_route=\/wp\/v2\/pages\/89\/revisions\/94"}],"up":[{"embeddable":true,"href":"https:\/\/www.imkerverein-lehrte.de\/index.php?rest_route=\/wp\/v2\/pages\/8"}],"wp:attachment":[{"href":"https:\/\/www.imkerverein-lehrte.de\/index.php?rest_route=%2Fwp%2Fv2%2Fmedia&parent=89"}],"curies":[{"name":"wp","href":"https:\/\/api.w.org\/{rel}","templated":true}]}}

<h4><strong><em>Gründung des Vereins</em></strong></h4>
<p>Der Imkerverein Lehrte wurde 1938 gegründet. Die Anfangsjahre fielen somit in die Kriegszeit. Die Imkerschaft wurde durch Abgaben belastet (je Kasten 3 kg bzw. je Korb ½ kg Honig, je neu aufgestelltes Volk 1 kg Reinwachs). Nur wer sein Abgabesoll erfüllte, hatte Anspruch auf die Zuteilung von Zucker für das Winterfutter und Tabak für die Imkerpfeife. Mittelwände hatten die Imker aus der eigenen Wachserzeugung herzustellen. Aber auch Erfreuliches gab es, so die gezielte Schulung der Imkerschaft (z.B. Kurse im Bieneninstitut in Celle) und die Bereitstellung eines Bienenzuchtberaters.</p>
<h4><strong><em>Neubeginn nach Kriegsende</em></strong></h4>
<p>Im Januar 1946 fand die erste Versammlung nach dem Krieg statt. Nach H. Ahlvers und später K. Hornbostel wurde 1974 Gerhardt  Fuhrich, Hämelerwald, 1. Vorsitzender. Er ist heute Ehrenvorsitzender. Nach Kriegsende herrschte Not, die Imkerei bot dabei Honig und Kerzenwachs als günstiges Tauschmittel. Demzufolge stiegen die Völkerzahlen stark an. Aber auch Rückschläge kamen: 1948 gab es infolge Insektenvernichtungsmitteln in der Landwirtschaft ein Massensterben von Bienen. Auch Bienenkrankheiten wie die Tracheenmilbe (zeitweilig), Nosema  und ab den 80er Jahren die Varroamilbe (auch heute aktuell) brachten große Probleme. Nicht zuletzt auch der Preisverfall durch Überproduktion von landwirtschaftlichen Produkten, von denen auch Honig nicht ausgenommen war, bereitete den Imkern Probleme.</p>
<h4><strong><em>Mitgliederstand und Bienenvölker</em></strong></h4>
<table>
<tbody>
<tr>
<td>1938</td>
<td>42 Mitglieder mit 573 Völkern</td>
</tr>
<tr>
<td>1950</td>
<td>82 Mitglieder mit 650 Völkern</td>
</tr>
<tr>
<td>1968</td>
<td>54 Mitglieder mit 659 Völkern</td>
</tr>
<tr>
<td>1988</td>
<td>82 Mitglieder mit 579 Völkern</td>
</tr>
<tr>
<td>1998</td>
<td>78 Mitglieder mit 432 Völkern (davon 15 Mitgl. ohne Bienen)</td>
</tr>
<tr>
<td>2003</td>
<td>73 Mitglieder mit 520 Völkern</td>
</tr>
</tbody>
</table>
<p>Interessant ist auch die Rückentwicklung der <strong>Korbimkerei</strong>:</p>
<table>
<tbody>
<tr>
<td>1938</td>
<td>324 Körbe</td>
</tr>
<tr>
<td>1948</td>
<td>133</td>
</tr>
<tr>
<td>1958</td>
<td>63</td>
</tr>
<tr>
<td>1968</td>
<td>40</td>
</tr>
<tr>
<td>ab 1978</td>
<td>keine</td>
</tr>
</tbody>
</table>
<p>Zum Jubiläum im Jahr 2003 wünscht sich der Verein:</p>
<ul>
<li>bei Neupflanzungen im Interesse der Insekten mehr Achtung auf Vielfalt,</li>
<li>keine Kahlschläge in Heckenzeilen, an Böschungen, Feldrainen und Bachläufen,</li>
<li>die Ausweisung größerer Brachflächen und</li>
<li>ein zuverlässiges  und preisgünstiges Varroa-Bekämpfungsmittel.</li>
</ul>
<h4><strong><em>Der Verein heute</em></strong></h4>
<p>Monatliche Frühschoppen mit großer Beteiligung, regelmäßige Referate von Vereinsmitgliedern zu aktuellen Themen, Vorträge durch externe Fachleute, Besichtigungsfahrten in ganz Deutschland und aktive Beteiligung an Ausstellungen und Stadtfesten kennzeichnen einen lebendigen Verein in Lehrte. Hinzu kommen eine leicht steigende Mitgliederzahl und eine erfreuliche statistische Verjüngung des Vereins durch Jungimker als Neuzugänge.</p>
