{"id":8,"date":"2016-02-20T18:52:07","date_gmt":"2016-02-20T17:52:07","guid":{"rendered":"http:\/\/localhost\/?page_id=8"},"modified":"2023-06-04T21:42:49","modified_gmt":"2023-06-04T19:42:49","slug":"unser-verein","status":"publish","type":"page","link":"https:\/\/www.imkerverein-lehrte.de\/?page_id=8","title":{"rendered":"Unser Verein"},"content":{"rendered":"<p><strong><img loading=\"lazy\" decoding=\"async\" class=\"size-full wp-image-148 alignright\" src=\"http:\/\/www.imkerverein-lehrte.de\/wp-content\/uploads\/2016\/03\/wappen.png\" alt=\"wappen\" width=\"108\" height=\"128\" \/>In unse<\/strong><strong>rem Verein sind ca. 100 Mitglieder organisiert. Die Altersstruktur hat sich in der vergangenen Jahren deutlich verj\u00fcngt\u00a0 und wir sind auch kein reiner M\u00e4nnerverein.<\/strong><\/p>\n<h2>Unsere Ziele sind:<\/h2>\n<ul>\n<li><strong>Betreuung der Imkerschaft in Lehrte und Umgebung,<br \/>\n<\/strong><\/li>\n<li><strong>Ma\u00dfnahmen zur Erhaltung unserer Landschaft,<\/strong><\/li>\n<li><strong>Aus- und Weiterbildung,<\/strong><\/li>\n<li><strong>Lehrveranstaltungen, <\/strong><\/li>\n<li><strong>Exkursionen und Geselligkeit, <\/strong><\/li>\n<li><strong>Information der \u00d6ffentlichkeit \u00fcber den Nutzen der Bienen f\u00fcr unsere Umwelt durch Medienberichte, Internetpr\u00e4senz, Ausstellungen und Beteiligung an Stadtfesten mit Infost\u00e4nden.<\/strong><\/li>\n<\/ul>\n<p><strong>Wir sind selbst kein eingetragener Verein, sondern wie auch der Kreisimkerverein Hannover der <a href=\"https:\/\/www.imkerlvhannover.de\/files\/Dateien\/Kreisvereine\/Satzung.pdf\" target=\"_blank\" rel=\"noopener\">Satzung<\/a> der \u00fcbergeordneten Organisationseinheit, dem <a href=\"https:\/\/www.imkerlvhannover.de\" target=\"_blank\" rel=\"noopener\">Landesverband Hannoverscher Imker e.V.<\/a> zugeordnet. <\/strong><\/p>\n","protected":false},"excerpt":{"rendered":"<p> <a class=\"continue-reading-link\" href=\"https:\/\/www.imkerverein-lehrte.de\/?page_id=8\"><\/a><\/p>\n","protected":false},"author":1,"featured_media":0,"parent":0,"menu_order":20,"comment_status":"closed","ping_status":"closed","template":"","meta":{"footnotes":""},"class_list":["post-8","page","type-page","status-publish","hentry"],"_links":{"self":[{"href":"https:\/\/www.imkerverein-lehrte.de\/index.php?rest_route=\/wp\/v2\/pages\/8","targetHints":{"allow":["GET"]}}],"collection":[{"href":"https:\/\/www.imkerverein-lehrte.de\/index.php?rest_route=\/wp\/v2\/pages"}],"about":[{"href":"https:\/\/www.imkerverein-lehrte.de\/index.php?rest_route=\/wp\/v2\/types\/page"}],"author":[{"embeddable":true,"href":"https:\/\/www.imkerverein-lehrte.de\/index.php?rest_route=\/wp\/v2\/users\/1"}],"replies":[{"embeddable":true,"href":"https:\/\/www.imkerverein-lehrte.de\/index.php?rest_route=%2Fwp%2Fv2%2Fcomments&post=8"}],"version-history":[{"count":19,"href":"https:\/\/www.imkerverein-lehrte.de\/index.php?rest_route=\/wp\/v2\/pages\/8\/revisions"}],"predecessor-version":[{"id":1265,"href":"https:\/\/www.imkerverein-lehrte.de\/index.php?rest_route=\/wp\/v2\/pages\/8\/revisions\/1265"}],"wp:attachment":[{"href":"https:\/\/www.imkerverein-lehrte.de\/index.php?rest_route=%2Fwp%2Fv2%2Fmedia&parent=8"}],"curies":[{"name":"wp","href":"https:\/\/api.w.org\/{rel}","templated":true}]}}

<p><strong><img loading="lazy" decoding="async" class="size-full wp-image-148 alignright" src="http://www.imkerverein-lehrte.de/wp-content/uploads/2016/03/wappen.png" alt="wappen" width="108" height="128" />In unse</strong><strong>rem Verein sind ca. 100 Mitglieder organisiert. Die Altersstruktur hat sich in der vergangenen Jahren deutlich verjüngt  und wir sind auch kein reiner Männerverein.</strong></p>
<h2>Unsere Ziele sind:</h2>
<ul>
<li><strong>Betreuung der Imkerschaft in Lehrte und Umgebung,<br />
</strong></li>
<li><strong>Maßnahmen zur Erhaltung unserer Landschaft,</strong></li>
<li><strong>Aus- und Weiterbildung,</strong></li>
<li><strong>Lehrveranstaltungen, </strong></li>
<li><strong>Exkursionen und Geselligkeit, </strong></li>
<li><strong>Information der Öffentlichkeit über den Nutzen der Bienen für unsere Umwelt durch Medienberichte, Internetpräsenz, Ausstellungen und Beteiligung an Stadtfesten mit Infoständen.</strong></li>
</ul>
<p><strong>Wir sind selbst kein eingetragener Verein, sondern wie auch der Kreisimkerverein Hannover der <a href="https://www.imkerlvhannover.de/files/Dateien/Kreisvereine/Satzung.pdf" target="_blank" rel="noopener">Satzung</a> der übergeordneten Organisationseinheit, dem <a href="https://www.imkerlvhannover.de" target="_blank" rel="noopener">Landesverband Hannoverscher Imker e.V.</a> zugeordnet. </strong></p>
