{"id":284,"date":"2016-07-02T22:47:41","date_gmt":"2016-07-02T20:47:41","guid":{"rendered":"http:\/\/www.imkerverein-lehrte.de\/?page_id=284"},"modified":"2016-07-02T22:47:41","modified_gmt":"2016-07-02T20:47:41","slug":"70-jaehriges-vereinsbestehen","status":"publish","type":"page","link":"https:\/\/www.imkerverein-lehrte.de\/?page_id=284","title":{"rendered":"70 j\u00e4hriges Vereinsbestehen"},"content":{"rendered":"<p>Mit Festansprachen, guter Laune und einem k\u00f6stlichen Brunchbuffet feierte der Imkerverein Lehrte am 6. April 2008 sein 70-j\u00e4hriges Bestehen.<\/p>\n<p>Vorweg: Das herrliche Buffet, zu dem der Verein seine Mitglieder samt Partner gebeten hatte, war besonders reichhaltig und ungew\u00f6hnlich lecker. Der Anlass war gro\u00df, so lie\u00df sich der Verein nicht lumpen, wir waren alle eingeladen! Der Wirt unseres Stammlokals hat sich mit der Zubereitung der Speisen und der Vorbereitung des Saals redlich M\u00fche gegeben. Daf\u00fcr ein gro\u00dfes Dankesch\u00f6n an Wirt und Verein! Es war ein wirklich wundersch\u00f6ner Tag!<\/p>\n<p>Zu Beginn wurden langj\u00e4hrige Mitglieder geehrt. Die bronzene Ehrennadel erhielten Frau Hanny Knackstedt und Herr Werner Oppenborn; silberne Nadeln gingen an die Herren Dr. Arpad Asztalos, Ernst Knackstedt und Ernst-August Tolle. Die einzige goldene Ehrennadel bekam Frau Brunhilde Framke. Schlie\u00dflich wurden f\u00fcr ihre 50-j\u00e4hrige Mitgliedschaft Frau Ingeburg Jaster und Frau Ilse K\u00fcke mit Urkunde und Blumenstrau\u00df geehrt. Besonders erfreulich fand ich, dass auch unser langj\u00e4hriges Ehrenmitglied und fr\u00fcherer 2. Vorsitzende, Herr Georg Stahlhut mit seiner Gattin den Weg zu uns fand. So ist es eben, alte Freundschaft rostet nicht! Und last not least, auch die kleine Enkeltochter des Vorsitzenden, Janna Fuhrich, war dabei und spielte begeistert mit dem Windhund Courtney (s. Foto). Fr\u00fch \u00fcbt sich, wer ein Tierfreund sein will!<\/p>\n<p>Wie die Fotos zeigen, war die Beteiligung dem Anlass entsprechend sehr gro\u00df. Unser besonderer Jubil\u00e4umsgast war der stellvertretende Lehrter <strong>B\u00fcrgermeister, Herr Hoppe<\/strong>, der in einer launigen Ansprache die Bedeutung der imkerlichen Arbeit in Stadt und Umland w\u00fcrdigte. Wir freuen uns sehr, dass er sich daf\u00fcr die Zeit nahm. Als kleines Dankesch\u00f6n erhielt er von Herrn Fuhrich Honig aus seiner heimatlichen Umgebung, um \u201eetwas zus\u00e4tzliche Kraft f\u00fcr seine anstrengende Arbeit als Kommunalpolitiker zu sch\u00f6pfen\u201c (s. Foto). Andere Pers\u00f6nlichkeiten von der Stadt, wie die B\u00fcrgermeisterin Frau Jutta Vo\u00df, der Leiter der \u00c4mter Gemeindeorgane und \u00d6ffentlichkeitsarbeit, Herr Michael Gro\u00dfmann, sowie die Sparkassenleitung Lehrte \u00fcbermittelten schriftlich ihre Gl\u00fcckw\u00fcnsche.<\/p>\n<p><strong>Die Festansprache hielt der Vereinsvorsitzende, Herr Gerhardt Fuhrich<\/strong>. Wie bei einem solchen Anlass zu erwarten, gab er einen historischen R\u00fcckblick. Wir h\u00f6rten mit Stauen, dass der erste Imkerverein auf dem Gebiet des heutigen Niedersachsens bereits 1859 in Landesbergen bei Nienburg gegr\u00fcndet wurde. Es folgte Zeven im Jahr 1879. In der damaligen Gr\u00fcndungsfestschrift des Zevener Vereins ist zu lesen, dass \u201enach der Gr\u00fcndung des neuen Deutschen Reiches im Jahr 1871 ein reges Wirtschaftsleben in Gang kam, dem sich auch die Imker nicht verschlie\u00dfen konnten; denn durch ein verbessertes Ausbildungswesen, Vortr\u00e4ge in den Versammlungen, Besichtigung von Musterst\u00e4nden und den Besuch von Bienen-Wanderversammlungen sollte ein reges Vereinsleben geweckt und gef\u00f6rdert werden\u201c. Im damaligen Sprachgebrauch hie\u00df es gar: \u201eDie Bienen sind das Vorbild zu vielem moralischen Gut und es wird sogar behauptet, dass der Umgang mit denselben den Menschen nur veredele\u201c. \u2013 Das h\u00f6rten wir nat\u00fcrlich gerne.<\/p>\n<p>In den alten Vereinsprotokollen werden auch allt\u00e4gliche Sorgen der Imkerschaft erkennbar. So zum Beispiel der Verfall der Honigpreise, die Sorge um Bienengesundheit und die Verminderung des Nahrungsangebotes f\u00fcr die Bienen.<\/p>\n<p>Sp\u00e4ter \u2013 um 1930 herum &#8211; ging es dem Staat \u00fcberwiegend um die Eigenversorgung des Volkes, somit auch mit Honig. Der Hintergrund waren Kriegsgedanken. Ausschlaggebend war dabei die Best\u00e4ubungsleistung der Bienenv\u00f6lker in der Landwirtschaft. Nach Ausbruch des zweiten Weltkrieges hatten die Imker Buch \u00fcber Honig- und Reinwachsabgaben zu f\u00fchren und sp\u00e4ter auch \u00fcber die Tabak- (f\u00fcr die Imkerpfeife) und Bienenfutter-Zuckerzuteilungen.<\/p>\n<p>Bei der Gr\u00fcndung des Imkervereins Lehrte am 12. Februar 1938 hatte der Verein 42 Mitglieder mit 573 Bienenv\u00f6lkern (davon 324 in L\u00fcneburger St\u00fclpern). Nach Verheilung der Kriegswunden und einer v\u00f6llig neuen Lebenseinstellung wandelte sich in den darauf folgenden 60 Jahren auch die Imkerei. Heute gilt sie in geringem Ma\u00dfe als Nebenerwerb, vor allem aber als Freizeitbesch\u00e4ftigung. Die Zeiten haben sich zwar ge\u00e4ndert, unsere Sorgen sind leider nicht geringer geworden: Sorgen um den Erhalt der Imkereien. Denn unsere Bienen leiden unter landwirtschaftlichen Monokulturen mit Mangel an bl\u00fchenden Pflanzen und Pestiziden, und die Gentechnik tut ein \u00dcbriges. Die Gesundheit der Bienen stand zwar schon immer auf dem Pr\u00fcfstand, aber die von der Varroamilbe ausgel\u00f6sten Folgekrankheiten stellen die Imkerschaft vor eine weitere Herausforderung. Mancher Imker gibt sogar auf!<\/p>\n<p>Unser Augenmerk gilt daher der Beratung und Schulung der Imkerschaft. Fundiertes Fachwissen ist Voraussetzung f\u00fcr eine landesweit bl\u00fchende Imkerei. Nicht nur, um den begehrten Honig zu ernten, sondern auch vor dem Hintergrund der volkswirtschaftlichen Bedeutung, die um das 10- bis 15-fache h\u00f6her liegt als der Erl\u00f6s \u00fcber den Verkauf von Bienenprodukten.<\/p>\n<p>Zum Schluss seiner Ansprache verwies Herr Fuhrich auf etliche nicht mehr unter uns weilende bedeutende Pers\u00f6nlichkeiten unseres Vereins, die er namentlich nannte; es sind August Hornbosten, Heinrich Ahlvers, Arthur Wangerin, Wilhelm Wissel und Heinrich Drangmeister. <strong><em>Unser Vereinsvorsitzender sprach die Hoffnung aus, dass in Gegenwart und Zukunft m\u00f6glichst zahlreiche Mitglieder die Geschicke des Imkervereins Lehrte auf einen guten Weg leiten.<\/em><\/strong><\/p>\n<p>Dr. Arpad Asztalos<\/p>\n","protected":false},"excerpt":{"rendered":"<p> <a class=\"continue-reading-link\" href=\"https:\/\/www.imkerverein-lehrte.de\/?page_id=284\"><\/a><\/p>\n","protected":false},"author":1,"featured_media":0,"parent":279,"menu_order":823,"comment_status":"closed","ping_status":"closed","template":"","meta":{"footnotes":""},"class_list":["post-284","page","type-page","status-publish","hentry"],"_links":{"self":[{"href":"https:\/\/www.imkerverein-lehrte.de\/index.php?rest_route=\/wp\/v2\/pages\/284","targetHints":{"allow":["GET"]}}],"collection":[{"href":"https:\/\/www.imkerverein-lehrte.de\/index.php?rest_route=\/wp\/v2\/pages"}],"about":[{"href":"https:\/\/www.imkerverein-lehrte.de\/index.php?rest_route=\/wp\/v2\/types\/page"}],"author":[{"embeddable":true,"href":"https:\/\/www.imkerverein-lehrte.de\/index.php?rest_route=\/wp\/v2\/users\/1"}],"replies":[{"embeddable":true,"href":"https:\/\/www.imkerverein-lehrte.de\/index.php?rest_route=%2Fwp%2Fv2%2Fcomments&post=284"}],"version-history":[{"count":1,"href":"https:\/\/www.imkerverein-lehrte.de\/index.php?rest_route=\/wp\/v2\/pages\/284\/revisions"}],"predecessor-version":[{"id":285,"href":"https:\/\/www.imkerverein-lehrte.de\/index.php?rest_route=\/wp\/v2\/pages\/284\/revisions\/285"}],"up":[{"embeddable":true,"href":"https:\/\/www.imkerverein-lehrte.de\/index.php?rest_route=\/wp\/v2\/pages\/279"}],"wp:attachment":[{"href":"https:\/\/www.imkerverein-lehrte.de\/index.php?rest_route=%2Fwp%2Fv2%2Fmedia&parent=284"}],"curies":[{"name":"wp","href":"https:\/\/api.w.org\/{rel}","templated":true}]}}

70 jähriges Vereinsbestehen

<p>Mit Festansprachen, guter Laune und einem köstlichen Brunchbuffet feierte der Imkerverein Lehrte am 6. April 2008 sein 70-jähriges Bestehen.</p>
<p>Vorweg: Das herrliche Buffet, zu dem der Verein seine Mitglieder samt Partner gebeten hatte, war besonders reichhaltig und ungewöhnlich lecker. Der Anlass war groß, so ließ sich der Verein nicht lumpen, wir waren alle eingeladen! Der Wirt unseres Stammlokals hat sich mit der Zubereitung der Speisen und der Vorbereitung des Saals redlich Mühe gegeben. Dafür ein großes Dankeschön an Wirt und Verein! Es war ein wirklich wunderschöner Tag!</p>
<p>Zu Beginn wurden langjährige Mitglieder geehrt. Die bronzene Ehrennadel erhielten Frau Hanny Knackstedt und Herr Werner Oppenborn; silberne Nadeln gingen an die Herren Dr. Arpad Asztalos, Ernst Knackstedt und Ernst-August Tolle. Die einzige goldene Ehrennadel bekam Frau Brunhilde Framke. Schließlich wurden für ihre 50-jährige Mitgliedschaft Frau Ingeburg Jaster und Frau Ilse Küke mit Urkunde und Blumenstrauß geehrt. Besonders erfreulich fand ich, dass auch unser langjähriges Ehrenmitglied und früherer 2. Vorsitzende, Herr Georg Stahlhut mit seiner Gattin den Weg zu uns fand. So ist es eben, alte Freundschaft rostet nicht! Und last not least, auch die kleine Enkeltochter des Vorsitzenden, Janna Fuhrich, war dabei und spielte begeistert mit dem Windhund Courtney (s. Foto). Früh übt sich, wer ein Tierfreund sein will!</p>
<p>Wie die Fotos zeigen, war die Beteiligung dem Anlass entsprechend sehr groß. Unser besonderer Jubiläumsgast war der stellvertretende Lehrter <strong>Bürgermeister, Herr Hoppe</strong>, der in einer launigen Ansprache die Bedeutung der imkerlichen Arbeit in Stadt und Umland würdigte. Wir freuen uns sehr, dass er sich dafür die Zeit nahm. Als kleines Dankeschön erhielt er von Herrn Fuhrich Honig aus seiner heimatlichen Umgebung, um „etwas zusätzliche Kraft für seine anstrengende Arbeit als Kommunalpolitiker zu schöpfen“ (s. Foto). Andere Persönlichkeiten von der Stadt, wie die Bürgermeisterin Frau Jutta Voß, der Leiter der Ämter Gemeindeorgane und Öffentlichkeitsarbeit, Herr Michael Großmann, sowie die Sparkassenleitung Lehrte übermittelten schriftlich ihre Glückwünsche.</p>
<p><strong>Die Festansprache hielt der Vereinsvorsitzende, Herr Gerhardt Fuhrich</strong>. Wie bei einem solchen Anlass zu erwarten, gab er einen historischen Rückblick. Wir hörten mit Stauen, dass der erste Imkerverein auf dem Gebiet des heutigen Niedersachsens bereits 1859 in Landesbergen bei Nienburg gegründet wurde. Es folgte Zeven im Jahr 1879. In der damaligen Gründungsfestschrift des Zevener Vereins ist zu lesen, dass „nach der Gründung des neuen Deutschen Reiches im Jahr 1871 ein reges Wirtschaftsleben in Gang kam, dem sich auch die Imker nicht verschließen konnten; denn durch ein verbessertes Ausbildungswesen, Vorträge in den Versammlungen, Besichtigung von Musterständen und den Besuch von Bienen-Wanderversammlungen sollte ein reges Vereinsleben geweckt und gefördert werden“. Im damaligen Sprachgebrauch hieß es gar: „Die Bienen sind das Vorbild zu vielem moralischen Gut und es wird sogar behauptet, dass der Umgang mit denselben den Menschen nur veredele“. – Das hörten wir natürlich gerne.</p>
<p>In den alten Vereinsprotokollen werden auch alltägliche Sorgen der Imkerschaft erkennbar. So zum Beispiel der Verfall der Honigpreise, die Sorge um Bienengesundheit und die Verminderung des Nahrungsangebotes für die Bienen.</p>
<p>Später – um 1930 herum &#8211; ging es dem Staat überwiegend um die Eigenversorgung des Volkes, somit auch mit Honig. Der Hintergrund waren Kriegsgedanken. Ausschlaggebend war dabei die Bestäubungsleistung der Bienenvölker in der Landwirtschaft. Nach Ausbruch des zweiten Weltkrieges hatten die Imker Buch über Honig- und Reinwachsabgaben zu führen und später auch über die Tabak- (für die Imkerpfeife) und Bienenfutter-Zuckerzuteilungen.</p>
<p>Bei der Gründung des Imkervereins Lehrte am 12. Februar 1938 hatte der Verein 42 Mitglieder mit 573 Bienenvölkern (davon 324 in Lüneburger Stülpern). Nach Verheilung der Kriegswunden und einer völlig neuen Lebenseinstellung wandelte sich in den darauf folgenden 60 Jahren auch die Imkerei. Heute gilt sie in geringem Maße als Nebenerwerb, vor allem aber als Freizeitbeschäftigung. Die Zeiten haben sich zwar geändert, unsere Sorgen sind leider nicht geringer geworden: Sorgen um den Erhalt der Imkereien. Denn unsere Bienen leiden unter landwirtschaftlichen Monokulturen mit Mangel an blühenden Pflanzen und Pestiziden, und die Gentechnik tut ein Übriges. Die Gesundheit der Bienen stand zwar schon immer auf dem Prüfstand, aber die von der Varroamilbe ausgelösten Folgekrankheiten stellen die Imkerschaft vor eine weitere Herausforderung. Mancher Imker gibt sogar auf!</p>
<p>Unser Augenmerk gilt daher der Beratung und Schulung der Imkerschaft. Fundiertes Fachwissen ist Voraussetzung für eine landesweit blühende Imkerei. Nicht nur, um den begehrten Honig zu ernten, sondern auch vor dem Hintergrund der volkswirtschaftlichen Bedeutung, die um das 10- bis 15-fache höher liegt als der Erlös über den Verkauf von Bienenprodukten.</p>
<p>Zum Schluss seiner Ansprache verwies Herr Fuhrich auf etliche nicht mehr unter uns weilende bedeutende Persönlichkeiten unseres Vereins, die er namentlich nannte; es sind August Hornbosten, Heinrich Ahlvers, Arthur Wangerin, Wilhelm Wissel und Heinrich Drangmeister. <strong><em>Unser Vereinsvorsitzender sprach die Hoffnung aus, dass in Gegenwart und Zukunft möglichst zahlreiche Mitglieder die Geschicke des Imkervereins Lehrte auf einen guten Weg leiten.</em></strong></p>
<p>Dr. Arpad Asztalos</p>
