{"id":267,"date":"2016-07-02T21:33:45","date_gmt":"2016-07-02T19:33:45","guid":{"rendered":"http:\/\/www.imkerverein-lehrte.de\/?page_id=267"},"modified":"2016-07-02T22:03:16","modified_gmt":"2016-07-02T20:03:16","slug":"netiquette","status":"publish","type":"page","link":"https:\/\/www.imkerverein-lehrte.de\/?page_id=267","title":{"rendered":"Netiquette"},"content":{"rendered":"<p>\u201eVergiss niemals, dass auf der anderen Seite ein Mensch sitzt!\u201c<\/p>\n<p>Schreibe Deine Beitr\u00e4ge also entsprechend. Und beachte das Urheberrecht: stelle insbesondere keine Bilder ein, deren Urheber Du nicht bist oder auf den Menschen zu erkennen sind, von denen Du nicht wei\u00dft, ob ihr Bild ver\u00f6ffentlicht werden kann.<\/p>\n<p>Der Vorstand beh\u00e4lt sich vor Betr\u00e4ge zu editieren, d.h. sie redaktionell zu bearbeiten, zu erg\u00e4nzen, zu k\u00fcrzen oder auch zu l\u00f6schen.<\/p>\n","protected":false},"excerpt":{"rendered":"<p> <a class=\"continue-reading-link\" href=\"https:\/\/www.imkerverein-lehrte.de\/?page_id=267\"><\/a><\/p>\n","protected":false},"author":1,"featured_media":0,"parent":265,"menu_order":93,"comment_status":"closed","ping_status":"closed","template":"","meta":{"footnotes":""},"class_list":["post-267","page","type-page","status-publish","hentry"],"_links":{"self":[{"href":"https:\/\/www.imkerverein-lehrte.de\/index.php?rest_route=\/wp\/v2\/pages\/267","targetHints":{"allow":["GET"]}}],"collection":[{"href":"https:\/\/www.imkerverein-lehrte.de\/index.php?rest_route=\/wp\/v2\/pages"}],"about":[{"href":"https:\/\/www.imkerverein-lehrte.de\/index.php?rest_route=\/wp\/v2\/types\/page"}],"author":[{"embeddable":true,"href":"https:\/\/www.imkerverein-lehrte.de\/index.php?rest_route=\/wp\/v2\/users\/1"}],"replies":[{"embeddable":true,"href":"https:\/\/www.imkerverein-lehrte.de\/index.php?rest_route=%2Fwp%2Fv2%2Fcomments&post=267"}],"version-history":[{"count":3,"href":"https:\/\/www.imkerverein-lehrte.de\/index.php?rest_route=\/wp\/v2\/pages\/267\/revisions"}],"predecessor-version":[{"id":270,"href":"https:\/\/www.imkerverein-lehrte.de\/index.php?rest_route=\/wp\/v2\/pages\/267\/revisions\/270"}],"up":[{"embeddable":true,"href":"https:\/\/www.imkerverein-lehrte.de\/index.php?rest_route=\/wp\/v2\/pages\/265"}],"wp:attachment":[{"href":"https:\/\/www.imkerverein-lehrte.de\/index.php?rest_route=%2Fwp%2Fv2%2Fmedia&parent=267"}],"curies":[{"name":"wp","href":"https:\/\/api.w.org\/{rel}","templated":true}]}}