{"id":19,"date":"2016-02-20T20:50:42","date_gmt":"2016-02-20T19:50:42","guid":{"rendered":"http:\/\/localhost\/?page_id=19"},"modified":"2025-01-28T09:45:36","modified_gmt":"2025-01-28T08:45:36","slug":"downloads","status":"publish","type":"page","link":"https:\/\/www.imkerverein-lehrte.de\/?page_id=19","title":{"rendered":"Downloads"},"content":{"rendered":"<p>Hier k\u00f6nnen verschiedene Formulare und Dokumente heruntergeladen werden.<\/p>\n<p><a href=\"https:\/\/www.imkerverein-lehrte.de\/wp-content\/uploads\/2023\/04\/Beitrittserklaerung-inkl-Datenschutzerklaerung-Lehrte.pdf\">Beitrittserkl\u00e4rung<\/a> <br \/>Bitte herunterladen, ausf\u00fcllen (das pdf ist jetzt ein Formular und die Felder k\u00f6nnen am Rechner\/Tablet\/Handy ausgef\u00fcllte werden), ausdrucken, unterschreiben inkl. der Datenschutzerkl\u00e4rung und an die email Adresse des Imkervereins Lehrte schicken: <a href=\"mailto:info@imkerverein-lehrte.de?subject=Beitrittserkl\u00e4rung\">info@imkerverein-lehrte.de<\/a> und NICHT wie im Formular angegeben die vom Landesverband verwenden. Der Vorstand wird es entsprechend an den Landesverband weiter melden.<\/p>\n<p><a href=\"http:\/\/www.imkerverein-lehrte.de\/wp-content\/uploads\/2020\/01\/Beitragsordnung-2020.pdf\" target=\"_blank\" rel=\"noopener noreferrer\">Beitragsordnung 2020<\/a><\/p>\n<p><a href=\"http:\/\/www.imkerlvhannover.de\/index.php\/kreisverei.html?file=files\/Dateien\/Kreisvereine\/satzung_lv_h_imker.pdf\" target=\"_blank\" rel=\"noopener noreferrer\">Satzung<\/a><\/p>\n<p>Schulungsprogramm 2025: <a href=\"https:\/\/www.imkerverein-lehrte.de\/wp-content\/uploads\/2025\/01\/20250123_Angebot_Schulungsprogramm.pdf\" target=\"_blank\" rel=\"noopener\">Grundkurs Imkerei<\/a><\/p>\n<p>Vortrag: <a href=\"https:\/\/www.imkerverein-lehrte.de\/wp-content\/uploads\/2023\/07\/Honigvermarktung-2023.pdf\" target=\"_blank\" rel=\"noopener\">Honigvermarktung und Honigpreisbildung von Heike Klein<\/a><\/p>\n<p>Honigpreiskalkulation von Heike Klein:\u00a0<\/p>\n<p>Excel Version: <a href=\"https:\/\/www.imkerverein-lehrte.de\/wp-content\/uploads\/2023\/07\/Honigpreiskalkulation-2023-1.xlsx\" target=\"_blank\" rel=\"noopener\">Honigpreisbildung Kalkulation<\/a><\/p>\n<p>Sammelbestellung f\u00fcr Varroazide:<\/p>\n<ul>\n<li><a href=\"https:\/\/www.imkerverein-lehrte.de\/wp-content\/uploads\/2024\/03\/Bestellformular-Varroabekaempfung-2024.pdf\" target=\"_blank\" rel=\"noopener\">Bestellformular 2024<\/a><\/li>\n<li><a href=\"https:\/\/www.imkerverein-lehrte.de\/wp-content\/uploads\/2024\/03\/Preisliste-2024.pdf\" target=\"_blank\" rel=\"noopener\">Preisliste 2024<\/a><\/li>\n<\/ul>\n<p>Informationsmaterial zu Hornissen und Wespen: <a href=\"http:\/\/www.imkerverein-lehrte.de\/wp-content\/uploads\/2018\/01\/Hornissen-Wespeninformationsmaterial.pdf\">Hornissen-Wespeninformationsmaterial.pdf<\/a><\/p>\n<p><a href=\"http:\/\/www.imkerverein-lehrte.de\/wp-content\/uploads\/2019\/02\/Bestellformular_fuer_Gewaehrverschluesse_NEU.pdf\">Bestellformular f\u00fcr Gew\u00e4hrverschl\u00fcsse<\/a><\/p>\n\n\n<p><\/p>\n","protected":false},"excerpt":{"rendered":"<p> <a class=\"continue-reading-link\" href=\"https:\/\/www.imkerverein-lehrte.de\/?page_id=19\"><\/a><\/p>\n","protected":false},"author":1,"featured_media":0,"parent":0,"menu_order":50,"comment_status":"closed","ping_status":"closed","template":"","meta":{"footnotes":""},"class_list":["post-19","page","type-page","status-publish","hentry"],"_links":{"self":[{"href":"https:\/\/www.imkerverein-lehrte.de\/index.php?rest_route=\/wp\/v2\/pages\/19","targetHints":{"allow":["GET"]}}],"collection":[{"href":"https:\/\/www.imkerverein-lehrte.de\/index.php?rest_route=\/wp\/v2\/pages"}],"about":[{"href":"https:\/\/www.imkerverein-lehrte.de\/index.php?rest_route=\/wp\/v2\/types\/page"}],"author":[{"embeddable":true,"href":"https:\/\/www.imkerverein-lehrte.de\/index.php?rest_route=\/wp\/v2\/users\/1"}],"replies":[{"embeddable":true,"href":"https:\/\/www.imkerverein-lehrte.de\/index.php?rest_route=%2Fwp%2Fv2%2Fcomments&post=19"}],"version-history":[{"count":44,"href":"https:\/\/www.imkerverein-lehrte.de\/index.php?rest_route=\/wp\/v2\/pages\/19\/revisions"}],"predecessor-version":[{"id":1468,"href":"https:\/\/www.imkerverein-lehrte.de\/index.php?rest_route=\/wp\/v2\/pages\/19\/revisions\/1468"}],"wp:attachment":[{"href":"https:\/\/www.imkerverein-lehrte.de\/index.php?rest_route=%2Fwp%2Fv2%2Fmedia&parent=19"}],"curies":[{"name":"wp","href":"https:\/\/api.w.org\/{rel}","templated":true}]}}