{"id":130,"date":"2016-02-27T20:57:22","date_gmt":"2016-02-27T19:57:22","guid":{"rendered":"http:\/\/localhost\/?page_id=130"},"modified":"2025-01-23T11:34:51","modified_gmt":"2025-01-23T10:34:51","slug":"kennlernangebot","status":"publish","type":"page","link":"https:\/\/www.imkerverein-lehrte.de\/?page_id=130","title":{"rendered":"Kennenlernangebot"},"content":{"rendered":"<p><img loading=\"lazy\" decoding=\"async\" class=\"aligncenter\" src=\"https:\/\/www.imkerverein-lehrte.de\/wp-content\/uploads\/2023\/01\/20220327_144151-scaled.jpg\" alt=\"\" width=\"838\" height=\"407\" \/><\/p>\n<p><em>Abb.:\u00a0 Jan Gronwald f\u00fchrt mit den Lehrgangsteilnehmer die Kontrolle der Jungv\u00f6lker am Lehrbienenstand Hohnhorstpark durch.<\/em><\/p>\n<h4><a href=\"https:\/\/www.imkerverein-lehrte.de\/wp-content\/uploads\/2023\/01\/20230102_Schulungsangebot.pdf\">Kennenlernangebot<\/a><\/h4>\n<p>Sie wollen herausfinden, ob die Imkerei das richtige Hobby f\u00fcr Sie ist? Dann nehmen Sie unverbindlich an unseren regelm\u00e4\u00dfigen Treffen f\u00fcr Jungimker teil. Sie starten im Fr\u00fchjahr mit einem kleinem Ableger und nehmen aktiv an seiner Entwicklung \u00fcber das Jahr teil. Sie werden von unseren <span class=\"style2\">Schulungsobleuten Jan Gronwald und Markus Toloczyki in die praktischen Arbeiten am Bienenvolk eingewiesen. <\/span>Die Bienenbehausung (Beute) stellt der Verein. Wenn Sie nach einem Jahr immer noch dabei sind, haben Sie Ihr erstes Volk. Mitmachen kann jeder, jeden Alters, aber die Teilnehmerzahl ist begrenzt<span class=\"style2\">. Die Gruppe trifft sich ab Mai \/ Juni an 5 Samstagen am Nachmittag von 13:00 bis 17:30 Uhr und ca. alle 14 Tage am Wochenende f\u00fcr 1,5 Stunden. Wenn man mal verhindert ist, ist das auch nicht tragisch. Es k\u00fcmmert sich schon wer um &#8222;Deinen&#8220; Ableger.<\/span><\/p>\n<p>Lust bekommen? <strong><span style=\"color: #ff0000;\">Im Fr\u00fchjahr 2025 beginnt der n\u00e4chste Kurs. <\/span><\/strong><span style=\"color: #000000;\">Anmeldungen bei <span style=\"color: #3366ff;\"><strong>toloczyki@t-online.de<\/strong><\/span><\/span><\/p>\n<p>Das aktuelle Schulungsprogramm <a href=\"https:\/\/www.imkerverein-lehrte.de\/wp-content\/uploads\/2025\/01\/20250123_Angebot_Schulungsprogramm.pdf\" target=\"_blank\" rel=\"noopener\">steht<\/a> hier zum Download bereit. Wir behalten uns vor, Termine und Inhalte der Schulung entsprechend den Anforderungen anzupassen.<\/p>\n\n\n<p>https:\/\/www.imkerverein-lehrte.de\/wp-content\/uploads\/2025\/01\/20250123_Angebot_Schulungsprogramm-pdf-212&#215;300.jpg<\/p>\n\n\n\n\n","protected":false},"excerpt":{"rendered":"<p> <a class=\"continue-reading-link\" href=\"https:\/\/www.imkerverein-lehrte.de\/?page_id=130\"><\/a><\/p>\n","protected":false},"author":1,"featured_media":0,"parent":8,"menu_order":25,"comment_status":"closed","ping_status":"closed","template":"","meta":{"footnotes":""},"class_list":["post-130","page","type-page","status-publish","hentry"],"_links":{"self":[{"href":"https:\/\/www.imkerverein-lehrte.de\/index.php?rest_route=\/wp\/v2\/pages\/130","targetHints":{"allow":["GET"]}}],"collection":[{"href":"https:\/\/www.imkerverein-lehrte.de\/index.php?rest_route=\/wp\/v2\/pages"}],"about":[{"href":"https:\/\/www.imkerverein-lehrte.de\/index.php?rest_route=\/wp\/v2\/types\/page"}],"author":[{"embeddable":true,"href":"https:\/\/www.imkerverein-lehrte.de\/index.php?rest_route=\/wp\/v2\/users\/1"}],"replies":[{"embeddable":true,"href":"https:\/\/www.imkerverein-lehrte.de\/index.php?rest_route=%2Fwp%2Fv2%2Fcomments&post=130"}],"version-history":[{"count":39,"href":"https:\/\/www.imkerverein-lehrte.de\/index.php?rest_route=\/wp\/v2\/pages\/130\/revisions"}],"predecessor-version":[{"id":1460,"href":"https:\/\/www.imkerverein-lehrte.de\/index.php?rest_route=\/wp\/v2\/pages\/130\/revisions\/1460"}],"up":[{"embeddable":true,"href":"https:\/\/www.imkerverein-lehrte.de\/index.php?rest_route=\/wp\/v2\/pages\/8"}],"wp:attachment":[{"href":"https:\/\/www.imkerverein-lehrte.de\/index.php?rest_route=%2Fwp%2Fv2%2Fmedia&parent=130"}],"curies":[{"name":"wp","href":"https:\/\/api.w.org\/{rel}","templated":true}]}}