{"id":125,"date":"2016-02-27T20:38:45","date_gmt":"2016-02-27T19:38:45","guid":{"rendered":"http:\/\/localhost\/?page_id=125"},"modified":"2026-03-21T21:25:21","modified_gmt":"2026-03-21T20:25:21","slug":"leigeraete","status":"publish","type":"page","link":"https:\/\/www.imkerverein-lehrte.de\/?page_id=125","title":{"rendered":"Leihger\u00e4te"},"content":{"rendered":"<div class=\"n diyfeLiveArea\">\n<div id=\"textWithImage-5796306389\" class=\"clearover \">\n<p>Unser Verein hat verschiedene Ger\u00e4tschaften gekauft, die von unseren Mitgliedern unentgeltlich ausgeliehen werden k\u00f6nnen.<strong><br \/>\n<\/strong><\/p>\n<\/div>\n<\/div>\n<div class=\"n diyfeLiveArea\">\n<p>Folgende Ger\u00e4te stehen zur Verf\u00fcgung:<\/p>\n<ul>\n<li><strong>eine geeichte Waage,<\/strong><\/li>\n<li><strong>ein Dampfwachsschmelzer,<\/strong><\/li>\n<li><strong>ein Refraktometer,<\/strong><\/li>\n<li><strong>ein Entdeckelungsgeschirr mit Doppelsieb und Gabel,<br \/>\n<\/strong><\/li>\n<li><strong>eine Vier-Waben-Schleuder und<br \/>\n<\/strong><\/li>\n<li><strong>zwei stabile Schilder mit unserem Vereinslogo.<\/strong><\/li>\n<\/ul>\n<p>Dar\u00fcber hinaus k\u00f6nnen folgende B\u00fccher geliehen werden:<\/p>\n<ul>\n<li>Wolfgang Ritter: Bienen gesund erhalten. Krankheiten vorbeugen, erkennen und behandeln.<br \/>\nUlmer Verlag, 2012<\/li>\n<li>G\u00fcnter Pritsch: Bienenweide. 200 Trachtpflanzen erkennen und bewerten.<br \/>\nKosmos, 2007<\/li>\n<\/ul>\n<p>Und die DVD<\/p>\n<ul>\n<li>Markus Imhoff: More than honey<br \/>\nSenator Film, 2013<\/li>\n<\/ul>\n<\/div>\n","protected":false},"excerpt":{"rendered":"<p> <a class=\"continue-reading-link\" href=\"https:\/\/www.imkerverein-lehrte.de\/?page_id=125\"><\/a><\/p>\n","protected":false},"author":1,"featured_media":0,"parent":8,"menu_order":24,"comment_status":"closed","ping_status":"closed","template":"","meta":{"footnotes":""},"class_list":["post-125","page","type-page","status-publish","hentry"],"_links":{"self":[{"href":"https:\/\/www.imkerverein-lehrte.de\/index.php?rest_route=\/wp\/v2\/pages\/125","targetHints":{"allow":["GET"]}}],"collection":[{"href":"https:\/\/www.imkerverein-lehrte.de\/index.php?rest_route=\/wp\/v2\/pages"}],"about":[{"href":"https:\/\/www.imkerverein-lehrte.de\/index.php?rest_route=\/wp\/v2\/types\/page"}],"author":[{"embeddable":true,"href":"https:\/\/www.imkerverein-lehrte.de\/index.php?rest_route=\/wp\/v2\/users\/1"}],"replies":[{"embeddable":true,"href":"https:\/\/www.imkerverein-lehrte.de\/index.php?rest_route=%2Fwp%2Fv2%2Fcomments&post=125"}],"version-history":[{"count":13,"href":"https:\/\/www.imkerverein-lehrte.de\/index.php?rest_route=\/wp\/v2\/pages\/125\/revisions"}],"predecessor-version":[{"id":1526,"href":"https:\/\/www.imkerverein-lehrte.de\/index.php?rest_route=\/wp\/v2\/pages\/125\/revisions\/1526"}],"up":[{"embeddable":true,"href":"https:\/\/www.imkerverein-lehrte.de\/index.php?rest_route=\/wp\/v2\/pages\/8"}],"wp:attachment":[{"href":"https:\/\/www.imkerverein-lehrte.de\/index.php?rest_route=%2Fwp%2Fv2%2Fmedia&parent=125"}],"curies":[{"name":"wp","href":"https:\/\/api.w.org\/{rel}","templated":true}]}}